+ 4*x + 0. Determine d(-6).
6
Let m = -1 + 1. Suppose 5*p + 4 + 11 = m. Let b(g) = 1 + 2*g**2 + 0*g**2 - 3*g**2. What is b(p)?
-8
Let m(l) = l**2 + 2. Let t(b) = b**2 + b + 3. Let q(z) = -5*m(z) + 4*t(z). Determine q(4).
2
Let b(a) = -5*a + 5. Let d(c) = -9*c + 11. Suppose -2*u + 0 = -6. Let x(l) = u*d(l) - 5*b(l). What is x(6)?
-4
Let d(i) = -28*i**2 - 33*i**2 + 1 + 47*i**2. What is d(-1)?
-13
Let w(r) = r + 1. Suppose 0 = 2*n - 3*y - 21, 5*n - 2*y - 29 + 4 = 0. Let p = n - -1. Suppose -p*o = -3*o - 1. What is w(o)?
2
Let d(w) = w**2 + 4*w - 2. Let b be d(-5). Let v(a) = a**2 + b - 1 + 5*a - a + 4. Give v(-5).
11
Let g(h) = 5*h + 1. Let b(w) = 6*w + 1. Let f(x) = -4*b(x) + 3*g(x). Give f(-1).
8
Let j(m) = m - 6. Let i(a) = -2*a + 11. Let u(o) = 3*i(o) + 7*j(o). Give u(0).
-9
Let v(y) = 16*y**2 + 1. Let n(d) = -16*d**2 - 2 + 2 + 15*d**2. Let m(g) = -6*n(g) - v(g). Calculate m(-1).
-11
Let f = -19 - -17. Let j be (33/(-6) + 4)*f. Let i(o) be the first derivative of -o**4/4 + o**3 + o**2 - 3*o - 1. What is i(j)?
3
Suppose -z - 5*t - 7 = z, -t + 1 = z. Let v(g) be the first derivative of -g**3/3 + 2*g**2 + 3*g - 1. Calculate v(z).
3
Let g be (27/12)/((-3)/(-16)). Let s = g - 10. Let n(t) = -t**3 + t**2 - t + 1. What is n(s)?
-5
Let l(s) = -s - 3. Let v be l(-4). Suppose -4*c - 3*d + 1 = -3*c, 0 = d + v. Let n(z) = z + z**2 + 0*z**3 - c*z**3 + 1 + z**3. Give n(-1).
4
Let w(d) = 0 - 2 - 4*d + 6*d + 1. Give w(-4).
-9
Let b = 13 - 11. Let i(s) = -4*s**2 + 5*s**b + 0*s**2 - 3. Suppose 0 = 5*z + 4 - 19. What is i(z)?
6
Let b(y) = -y**2 + y. Let q(p) = -5*p**2 - p + 7. Let d(m) = 6*b(m) - q(m). What is d(5)?
3
Let t be (-19)/(-7) - (-4)/14. Suppose -2 = -t*f + 4. Let c(p) = 4*p + 4 - f - 3*p. Give c(3).
5
Let a be 4/12*(6 + 0). Suppose g + 3*c - 7*c = 21, -a*g - 18 = 4*c. Let r(y) = 6*y - 1. What is r(g)?
5
Suppose 19 - 3 = -4*x. Let y(a) be the first derivative of 5*a**2 - 4*a**2 + a - 2 - 3*a - 2*a**2. Determine y(x).
6
Let x(s) be the third derivative of -s**5/60 - s**3/3 - 47*s**2. Calculate x(-5).
-27
Let p(m) be the second derivative of m**5/20 + 5*m**4/12 + m**3/6 - m**2/2 + 6*m. What is p(-4)?
11
Let w be (-3)/(-6)*2 + 1. Let r(s) = 0*s + 4 - s - w + 2*s. Determine r(4).
6
Let a(i) = -2*i**2 - 12*i - 8. Let z(b) = -b**2 - 6*b - 4. Let m(l) = 4*a(l) - 7*z(l). What is m(-4)?
4
Let y(m) = 5*m**3 + 2*m**2 - 1. Let o(z) = -z**3 - z - 1. Let u be o(0). Calculate y(u).
-4
Suppose 0 = 3*l - 4*j + 3, 12 = 3*l + 5*j - 12. Let z(a) = -4 + 2 - a + 0*a. Determine z(l).
-5
Let b be 1*(1 + 3/1). Let u(g) be the second derivative of -g**3/6 + 9*g**2/2 - 4*g. What is u(b)?
5
Let a(u) = u + 7. Let q be a(-7). Let x(m) be the first derivative of -m**3/6 - 5*m**2/2 - 3*m + 4. Let f(i) be the first derivative of x(i). What is f(q)?
-5
Let w(f) be the first derivative of f**4/4 - 2*f**3/3 + f**2 - f - 1. Suppose -a = -4*a. Let u = a + 1. What is w(u)?
0
Let p(c) = c + 16 - 23 + c**3 + 6*c**2 - 3*c. Calculate p(-6).
5
Suppose -2 + 4 = g. Let o be -1 + 3 - (0 + 0). Let q(l) = 0*l**2 + l**3 - 3*l**3 + 2*l**2 + o*l. Give q(g).
-4
Let y(t) = 2*t - 4 - 41*t**3 + 5 + 38*t**3. Let x = 0 + 6. Suppose -2*i + 4 = -x*i. Give y(i).
2
Let m be 2/(-8) - (-575)/92. Let f(j) = j**3 - 7*j**2 + 7*j - 1. Determine f(m).
5
Suppose 0 = v - 5*j, 0 = -v + 4*j - 7*j + 8. Suppose -8 = -2*s - 4*m, 3*m = -2*s - 0*m + v. Let z(l) = l**2 + l - 1. Calculate z(s).
1
Let t(p) = 1 - 2 + p**2 - p**3 + 14*p - 4*p + 8*p**2. Give t(10).
-1
Let c(r) = 4 + 2*r**2 + r - 6*r**2 + 3*r**2. Suppose -3*j = -7*j + 12. Give c(j).
-2
Let k be -4*(6/8 - -1). Let h = 12 + k. Let x(v) = -v**3 + 4*v**2 + 5*v - 5. Give x(h).
-5
Let d = 49 - 62. Let t(a) = -a - 12. Give t(d).
1
Let d(f) be the third derivative of 1/30*f**5 + 0 + 1/24*f**4 - 2*f**2 + 0*f + 2/3*f**3 + 1/120*f**6. Give d(-3).
-8
Let t(i) be the second derivative of i**3/6 - i**2 + 2*i. Let p be 1/4 - (-306)/24. Let o = p + -8. Give t(o).
3
Let z(f) = f - 9. Let j = 3 + 2. Suppose 3*g + j*w - 2 = 0, -2*g - 3*g = 5*w - 10. Determine z(g).
-5
Let x(f) = -f**3 + 3*f**2 + 2*f - 2. Let j be 6 + -2 + 3 + -3. Suppose 16 = 4*y + j. Give x(y).
4
Let y = -93 - -88. Let x(l) = -l**3 - 4*l**2 + 3*l - 5. Give x(y).
5
Let y(u) = u**3 - u**2 + u + 1. Let l(i) = 2*i**3 - 4*i**2 + 2*i + 17. Let d(p) = l(p) - 3*y(p). Give d(0).
14
Suppose 0 = 5*v - 3*w - 12 - 7, 5*w = -4*v + 30. Suppose -3*z = -4*i + z + 24, -v*i = -4*z - 30. Let l(t) = 3*t - 4. Give l(i).
14
Let l = 4 + 0. Suppose -5*f - 2 - 6 = -l*q, 3*f + 4 = 2*q. Suppose c - 2*c + 4*r - 5 = 0, 3 = q*c + 5*r. Let h(m) = -m**3 - 2*m**2 - m - 1. Calculate h(c).
-1
Suppose 20*d - 35 - 65 = 0. Let y(v) = -v**3 + 5*v**2 - v + 7. Give y(d).
2
Let z(g) = -2*g**2 + g + 1. Suppose 0*v - 7*v - 21 = 0. Determine z(v).
-20
Let j(s) = 3*s**2 - 5*s + 3. Let d(u) = 10*u**2 - 16*u + 10. Let a(c) = 2*d(c) - 7*j(c). Let t = 9 - 6. Determine a(t).
-1
Let q(v) = 14*v**2 - 2*v - 1. Let c = 147 + -148. Determine q(c).
15
Let w be (-64)/(-6) - (-4)/12. Let t = 6 - w. Let z(u) = 2*u + 2. Give z(t).
-8
Let c(l) be the third derivative of 7*l**4/12 - l**3/2 + 2*l**2. Let t(y) = 5*y - 1. Let d(a) = -6*c(a) + 17*t(a). Let h be 6/(-8) + (-78)/24. Give d(h).
-3
Let g(c) be the second derivative of c**4/12 + c**3 + 2*c**2 + 2*c. Suppose -3*f - l - 29 = 2*f, -4*l - 31 = 3*f. Give g(f).
-1
Let r(m) = -m. Let h be r(0). Let b be h + (2 - -3 - 3). Let o(a) = -a - b*a + 3*a**2 - 4*a**2 + 4*a - 6. What is o(0)?
-6
Let y(j) be the first derivative of -j**2/2 + 15. Give y(1).
-1
Let u(t) = t - 4. Let l(q) = q. Let j(c) = 2*l(c) - u(c). Give j(0).
4
Let a(s) = -2 + 8*s - 3 + 5. Let y(m) = -m - 1. Let o(r) = a(r) + 5*y(r). Calculate o(4).
7
Let j(w) = -w**2 + 8*w + 3. Let k be j(8). Let y be (-16)/(-6)*k/2. Let f(q) = q**3 - 3*q**2 - 3*q + 2. Give f(y).
6
Let w be ((-4)/2 - -2) + 8. Let o(x) = 8 - x - w. What is o(4)?
-4
Let k(l) = 3*l - 1. Suppose 0 = -5*c - 7*r + 4*r + 5, 0 = 4*c - r - 4. Determine k(c).
2
Suppose p + 4*p = -25. Let w(x) = 4*x + 7. Let t(n) = -n - 1. Let y(j) = 2*t(j) + w(j). Calculate y(p).
-5
Suppose -3*i + 4*i = 3*b - 10, 0 = -3*i + b - 14. Let x(m) be the third derivative of -m**6/120 - m**5/20 + m**4/6 + 2*m**3/3 + m**2. Give x(i).
4
Let x = -38 - -29. Let t(j) = -j**2 - 8*j + 12. What is t(x)?
3
Let k(x) = -x**3 - 10*x**2 - 10*x - 13. Let g be k(-9). Let l(c) = -5*c - 5. What is l(g)?
15
Suppose 0 = -2*a - 2*a + 8. Let l(f) = -4*f - 9*f**a + 3 - 9 + 6*f**2 + 2*f**2. Suppose 4*m - 4*w = -28, 6*w = 2*m + w + 20. Calculate l(m).
-11
Let i be 4/6 + (-364)/78. Let g(r) = -2*r**2 - 16*r - 11. Let y(k) = 3*k**2 + 24*k + 16. Let w(o) = -7*g(o) - 5*y(o). Determine w(i).
13
Let n be 39/65 - 12/(-10)*2. Let y(u) = u**2 - 4*u + 4. Give y(n).
1
Suppose -1 - 2 = l. Let t(c) be the first derivative of c**4/4 + 2*c**3/3 + 3*c - 1. Calculate t(l).
-6
Let w be -1*(-2 + -2 + 1). Let x(s) = -w + s + 0*s + 2. Let l = -2 + 5. What is x(l)?
2
Let m(y) = 4*y. Let r(h) be the second derivative of -h**3/6 - h**2/2 - 3*h. Let o(z) = m(z) + 3*r(z). Calculate o(2).
-1
Let z(b) = 11*b**3 - 7*b**2 - 13*b - 6. Let i(v) = 33*v**3 - 20*v**2 - 37*v - 17. Let j(t) = -6*i(t) + 17*z(t). What is j(-1)?
11
Let j(y) = -y**3 + 4*y**2 - y - 1. Suppose -b - 20 = -6*b. Let u be b/(-18)*3*-9. Suppose -3*z - 5*n + 3 = -u*z, -z = 4*n - 16. Give j(z).
-5
Let y be (-1)/(3 - 16/5). Let v(k) be the third derivative of k**5/30 - k**4/4 + k**2. Let x(h) = 3*h**2 - 9*h. Let w(r) = y*x(r) - 8*v(r). Give w(2).
2
Let a(m) = -m**2 + 5*m + 2. Let y(j) be the third derivative of -2/3*j**3 + j**2 + 0*j + 1/30*j**5 - 1/8*j**4 + 0. Let n be y(3). Determine a(n).
2
Let i(f) = f**2 + 6*f - 4. Let y be -7 - 1 - (1 - 3). Calculate i(y).
-4
Let t = 11 - 7. Suppose 2*q = -5*h - 13 - 4, -2*h = t*q - 6. Let u(p) be the second derivative of -p**4/12 + p**3/2 - 3*p**2/2 + p. What is u(q)?
-7
Let g(z) = -3*z - 1. Let o be ((-9)/3 - -3)/1. Suppose 4*l + 7 - 3 = o. What is g(l)?
2
Let q(b) = -b**3 - 2*b + 1. Let g = 51 - 49. What is q(g)?
-11
Let z(j) = -5*j**2 + 16*j - 10. Let a(k) = 14*k**2 - 47*k + 31. Let v(w) = -6*a(w) - 17*z(w). Let o be v(-11). Let h(c) = 2*c + 2. What is h(o)?
-8
Let p(v) = -v**3 + 5*v**2 + 2*v - 7. Let s = -1 - -10. Suppose -k - 4*r + 10 = -s*r, 0 = -3*k - 3*r + 12. Determine p(k).
3